{"id":903,"date":"2021-08-12T10:37:09","date_gmt":"2021-08-12T08:37:09","guid":{"rendered":"https:\/\/www.musculus-physio.de\/?page_id=903"},"modified":"2021-12-01T11:21:39","modified_gmt":"2021-12-01T10:21:39","slug":"ifk-news","status":"publish","type":"page","link":"https:\/\/www.musculus-physio.de\/?page_id=903","title":{"rendered":"IFK-Patienten-News"},"content":{"rendered":"\n<p>Sie finden auf dieser Seite Informationen und Neuigkeiten rund um die Physiotherapie. Dieser Newsfeed wird vom Bundesverband selbstst\u00e4ndiger Physiotherapeuten \u2014 IFK e. V. bereit gestellt. Beim Klick auf die einzelnen Artikel werden Sie auf die Webseiten des Verbandes weitergeleitet.<\/p>\n\n\n<div class=\"feedzy-93496c668e93301a692db13467463b77 feedzy-rss\"><div class=\"rss_header\"><h2><a href=\"https:\/\/ifk.de\/\" class=\"rss_title\" rel=\"noopener\">IFK &#8211; Patienten-News<\/a> <span class=\"rss_description\"> <\/span><\/h2><\/div><ul><li  style=\"padding: 15px 0 25px\" class=\"rss_item\"><div class=\"rss_image\" style=\"height:150px;width:150px;\"><a href=\"https:\/\/ifk.de\/artikel\/shv-uebt-deutliche-kritik-am-referentenentwurf-eines-gesetzes-zur-beitragsstabilitaet\" target=\"_blank\" rel=\" noopener\" title=\"SHV \u00fcbt deutliche Kritik am Referentenentwurf eines Gesetzes zur Beitragsstabilit\u00e4t\" style=\"height:150px;width:150px;\"><img decoding=\"async\" src=\"https:\/\/ifk.de\/sites\/default\/files\/styles\/max_325x325\/public\/redaktion\/bilder\/artikel\/2025\/SHV%20Logo_web.jpg?itok=LXHa7FUs\" title=\"SHV \u00fcbt deutliche Kritik am Referentenentwurf eines Gesetzes zur Beitragsstabilit\u00e4t\" style=\"height:150px;width:150px;\"><\/a><\/div><span class=\"title\"><a href=\"https:\/\/ifk.de\/artikel\/shv-uebt-deutliche-kritik-am-referentenentwurf-eines-gesetzes-zur-beitragsstabilitaet\" target=\"_blank\" rel=\" noopener\">SHV \u00fcbt deutliche Kritik am Referentenentwurf eines Gesetzes zur Beitragsstabilit\u00e4t<\/a><\/span><div class=\"rss_content\" style=\"\"><small>am 17. April 2026 um 00:00 <\/small><p>Am 16. April 2026 hat das Bundesministerium f\u00fcr Gesundheit den Referentenentwurf eines Gesetzes zur Stabilisierung der Beitragss\u00e4tze in der gesetzlichen Krankenversicherung vorgelegt. Nach einer langj\u00e4hrigen Unterfinanzierung im Heilmittelbereich sind die im Entwurf vorgeschlagenen Ma\u00dfnahmen geeignet, eine positive und politisch gew\u00fcnschte Entwicklung auszuhebeln.<\/p><\/div><\/li><li  style=\"padding: 15px 0 25px\" class=\"rss_item\"><div class=\"rss_image\" style=\"height:150px;width:150px;\"><a href=\"https:\/\/ifk.de\/artikel\/finanzlage-der-gkv-und-zukunftsaussichten-fuer-den-heilmittelbereich\" target=\"_blank\" rel=\" noopener\" title=\"Finanzlage der GKV und Zukunftsaussichten f\u00fcr den Heilmittelbereich\" style=\"height:150px;width:150px;\"><img decoding=\"async\" src=\"https:\/\/ifk.de\/sites\/default\/files\/styles\/max_325x325\/public\/redaktion\/bilder\/artikel\/2026\/M%C3%BCnzstapel_2_shutterstock_213230914_IM_0.jpg?itok=imntOZh6\" title=\"Finanzlage der GKV und Zukunftsaussichten f\u00fcr den Heilmittelbereich\" style=\"height:150px;width:150px;\"><\/a><\/div><span class=\"title\"><a href=\"https:\/\/ifk.de\/artikel\/finanzlage-der-gkv-und-zukunftsaussichten-fuer-den-heilmittelbereich\" target=\"_blank\" rel=\" noopener\">Finanzlage der GKV und Zukunftsaussichten f\u00fcr den Heilmittelbereich<\/a><\/span><div class=\"rss_content\" style=\"\"><small>am 5. M\u00e4rz 2026 um 00:00 <\/small><p>Pressemitteilung des IFK<\/p><\/div><\/li><li  style=\"padding: 15px 0 25px\" class=\"rss_item\"><div class=\"rss_image\" style=\"height:150px;width:150px;\"><a href=\"https:\/\/ifk.de\/artikel\/problemfall-physiotherapie-eu-ausbildungsrahmen-zeigt-erhebliche-defizite-deutscher\" target=\"_blank\" rel=\" noopener\" title=\"Problemfall Physiotherapie - EU-Ausbildungsrahmen zeigt erhebliche Defizite deutscher Gesundheitspolitik\" style=\"height:150px;width:150px;\"><img decoding=\"async\" src=\"https:\/\/ifk.de\/sites\/default\/files\/styles\/max_325x325\/public\/redaktion\/bilder\/artikel\/2026\/Bahnschienen_AdobeStock_30157277_web.jpg?itok=p3lYKTjU\" title=\"Problemfall Physiotherapie - EU-Ausbildungsrahmen zeigt erhebliche Defizite deutscher Gesundheitspolitik\" style=\"height:150px;width:150px;\"><\/a><\/div><span class=\"title\"><a href=\"https:\/\/ifk.de\/artikel\/problemfall-physiotherapie-eu-ausbildungsrahmen-zeigt-erhebliche-defizite-deutscher\" target=\"_blank\" rel=\" noopener\">Problemfall Physiotherapie &#8211; EU-Ausbildungsrahmen zeigt erhebliche Defizite deutscher Gesundheitspolitik<\/a><\/span><div class=\"rss_content\" style=\"\"><small>am 23. Februar 2026 um 00:00 <\/small><p>Die Europ\u00e4ische Kommission arbeitet derzeit an einem sogenannten Common Training Framework (CTF) zur Einf\u00fchrung eines europaweit einheitlichen Ausbildungsrahmens in der Physiotherapie. Im Zuge dieses Prozesses zeichnet sich ab: Die in Deutschland vorherrschende berufsfachschulische Ausbildung d\u00fcrfte den k\u00fcnftig definierten europ\u00e4ischen Standards nicht entsprechen.<\/p><\/div><\/li><li  style=\"padding: 15px 0 25px\" class=\"rss_item\"><div class=\"rss_image\" style=\"height:150px;width:150px;\"><a href=\"https:\/\/ifk.de\/artikel\/entlastung-des-gesundheitssystems-auch-physiotherapeuten-koennen-einen-beitrag-leisten\" target=\"_blank\" rel=\" noopener\" title=\"Entlastung des Gesundheitssystems \u2013 auch Physiotherapeuten k\u00f6nnen einen Beitrag leisten\" style=\"height:150px;width:150px;\"><img decoding=\"async\" src=\"https:\/\/ifk.de\/sites\/default\/files\/styles\/max_325x325\/public\/redaktion\/bilder\/artikel\/2025\/Mikrofon_shutterstock_2438279025_IM.jpg?itok=pXKM3ld3\" title=\"Entlastung des Gesundheitssystems \u2013 auch Physiotherapeuten k\u00f6nnen einen Beitrag leisten\" style=\"height:150px;width:150px;\"><\/a><\/div><span class=\"title\"><a href=\"https:\/\/ifk.de\/artikel\/entlastung-des-gesundheitssystems-auch-physiotherapeuten-koennen-einen-beitrag-leisten\" target=\"_blank\" rel=\" noopener\">Entlastung des Gesundheitssystems \u2013 auch Physiotherapeuten k\u00f6nnen einen Beitrag leisten<\/a><\/span><div class=\"rss_content\" style=\"\"><small>am 7. November 2025 um 00:00 <\/small><p>Das deutsche Gesundheitssystem steht durch stetig steigende Ausgaben vor gro\u00dfen Herausforderungen. Die Bundesregierung hat daher in ihrem Koalitionsvertrag einige Vorhaben formuliert, die das System entlasten sollen \u2013 beispielsweise zur Steuerung von Patienten. Der Bundesverband selbstst\u00e4ndiger Physiotherapeuten \u2013 IFK e. V. \u2013 zeigt auf, welche entscheidende Rolle Physiotherapeuten spielen k\u00f6nnten, um das Gesundheitswesen zu st\u00fctzen.<\/p><\/div><\/li><li  style=\"padding: 15px 0 25px\" class=\"rss_item\"><div class=\"rss_image\" style=\"height:150px;width:150px;\"><a href=\"https:\/\/ifk.de\/artikel\/innovationsfondsprojekt-move-it-ifk-rekrutiert-teilnehmende-physiotherapiepraxen\" target=\"_blank\" rel=\" noopener\" title=\"Innovationsfondsprojekt moVe-it: IFK rekrutiert teilnehmende Physiotherapiepraxen\" style=\"height:150px;width:150px;\"><img decoding=\"async\" src=\"https:\/\/ifk.de\/sites\/default\/files\/styles\/max_325x325\/public\/redaktion\/bilder\/artikel\/2025\/Info_shutterstock_2214886563_web.jpg?itok=a7pxPua0\" title=\"Innovationsfondsprojekt moVe-it: IFK rekrutiert teilnehmende Physiotherapiepraxen\" style=\"height:150px;width:150px;\"><\/a><\/div><span class=\"title\"><a href=\"https:\/\/ifk.de\/artikel\/innovationsfondsprojekt-move-it-ifk-rekrutiert-teilnehmende-physiotherapiepraxen\" target=\"_blank\" rel=\" noopener\">Innovationsfondsprojekt moVe-it: IFK rekrutiert teilnehmende Physiotherapiepraxen<\/a><\/span><div class=\"rss_content\" style=\"\"><small>am 9. Oktober 2025 um 00:00 <\/small><p>Der Innovationsausschuss des Gemeinsamen Bundesausschusses (G-BA) hat j\u00fcngst das von der Mobil Krankenkasse federf\u00fchrend konzipierte Projekt moVe-it zur F\u00f6rderung ausgew\u00e4hlt. Unterst\u00fctzt wird das Projekt unter anderem vom Bundesverband selbstst\u00e4ndiger Physiotherapeuten \u2013 IFK e. V., der insbesondere f\u00fcr die Rekrutierung teilnehmender Physiotherapiepraxen verantwortlich ist.<\/p><\/div><\/li><\/ul> <\/div><style type=\"text\/css\" media=\"all\">.feedzy-rss .rss_item .rss_image{float:left;position:relative;border:none;text-decoration:none;max-width:100%}.feedzy-rss .rss_item .rss_image span{display:inline-block;position:absolute;width:100%;height:100%;background-position:50%;background-size:cover}.feedzy-rss .rss_item .rss_image{margin:.3em 1em 0 0;content-visibility:auto}.feedzy-rss ul{list-style:none}.feedzy-rss ul li{display:inline-block}<\/style>","protected":false},"excerpt":{"rendered":"<p>Sie finden auf dieser Seite Informationen und Neuigkeiten rund um die Physiotherapie. Dieser Newsfeed wird vom Bundesverband selbstst\u00e4ndiger Physiotherapeuten \u2014 IFK e. V. bereit gestellt. Beim Klick auf die einzelnen Artikel werden Sie auf die Webseiten des Verbandes weitergeleitet.<\/p>\n","protected":false},"author":2,"featured_media":0,"parent":0,"menu_order":0,"comment_status":"closed","ping_status":"closed","template":"","meta":{"footnotes":""},"class_list":["post-903","page","type-page","status-publish","hentry"],"_links":{"self":[{"href":"https:\/\/www.musculus-physio.de\/index.php?rest_route=\/wp\/v2\/pages\/903","targetHints":{"allow":["GET"]}}],"collection":[{"href":"https:\/\/www.musculus-physio.de\/index.php?rest_route=\/wp\/v2\/pages"}],"about":[{"href":"https:\/\/www.musculus-physio.de\/index.php?rest_route=\/wp\/v2\/types\/page"}],"author":[{"embeddable":true,"href":"https:\/\/www.musculus-physio.de\/index.php?rest_route=\/wp\/v2\/users\/2"}],"replies":[{"embeddable":true,"href":"https:\/\/www.musculus-physio.de\/index.php?rest_route=%2Fwp%2Fv2%2Fcomments&post=903"}],"version-history":[{"count":1,"href":"https:\/\/www.musculus-physio.de\/index.php?rest_route=\/wp\/v2\/pages\/903\/revisions"}],"predecessor-version":[{"id":1152,"href":"https:\/\/www.musculus-physio.de\/index.php?rest_route=\/wp\/v2\/pages\/903\/revisions\/1152"}],"wp:attachment":[{"href":"https:\/\/www.musculus-physio.de\/index.php?rest_route=%2Fwp%2Fv2%2Fmedia&parent=903"}],"curies":[{"name":"wp","href":"https:\/\/api.w.org\/{rel}","templated":true}]}}

<p>Sie finden auf dieser Seite Informationen und Neuigkeiten rund um die Physiotherapie. Dieser Newsfeed wird vom Bundesverband selbstständiger Physiotherapeuten — IFK e. V. bereit gestellt. Beim Klick auf die einzelnen Artikel werden Sie auf die Webseiten des Verbandes weitergeleitet.</p>


<div class="feedzy-93496c668e93301a692db13467463b77 feedzy-rss"><div class="rss_header"><h2><a href="https://ifk.de/" class="rss_title" rel="noopener">IFK &#8211; Patienten-News</a> <span class="rss_description"> </span></h2></div><ul><li  style="padding: 15px 0 25px" class="rss_item"><div class="rss_image" style="height:150px;width:150px;"><a href="https://ifk.de/artikel/shv-uebt-deutliche-kritik-am-referentenentwurf-eines-gesetzes-zur-beitragsstabilitaet" target="_blank" rel=" noopener" title="SHV übt deutliche Kritik am Referentenentwurf eines Gesetzes zur Beitragsstabilität" style="height:150px;width:150px;"><img decoding="async" src="https://ifk.de/sites/default/files/styles/max_325x325/public/redaktion/bilder/artikel/2025/SHV%20Logo_web.jpg?itok=LXHa7FUs" title="SHV übt deutliche Kritik am Referentenentwurf eines Gesetzes zur Beitragsstabilität" style="height:150px;width:150px;"></a></div><span class="title"><a href="https://ifk.de/artikel/shv-uebt-deutliche-kritik-am-referentenentwurf-eines-gesetzes-zur-beitragsstabilitaet" target="_blank" rel=" noopener">SHV übt deutliche Kritik am Referentenentwurf eines Gesetzes zur Beitragsstabilität</a></span><div class="rss_content" style=""><small>am 17. April 2026 um 00:00 </small><p>Am 16. April 2026 hat das Bundesministerium für Gesundheit den Referentenentwurf eines Gesetzes zur Stabilisierung der Beitragssätze in der gesetzlichen Krankenversicherung vorgelegt. Nach einer langjährigen Unterfinanzierung im Heilmittelbereich sind die im Entwurf vorgeschlagenen Maßnahmen geeignet, eine positive und politisch gewünschte Entwicklung auszuhebeln.</p></div></li><li  style="padding: 15px 0 25px" class="rss_item"><div class="rss_image" style="height:150px;width:150px;"><a href="https://ifk.de/artikel/finanzlage-der-gkv-und-zukunftsaussichten-fuer-den-heilmittelbereich" target="_blank" rel=" noopener" title="Finanzlage der GKV und Zukunftsaussichten für den Heilmittelbereich" style="height:150px;width:150px;"><img decoding="async" src="https://ifk.de/sites/default/files/styles/max_325x325/public/redaktion/bilder/artikel/2026/M%C3%BCnzstapel_2_shutterstock_213230914_IM_0.jpg?itok=imntOZh6" title="Finanzlage der GKV und Zukunftsaussichten für den Heilmittelbereich" style="height:150px;width:150px;"></a></div><span class="title"><a href="https://ifk.de/artikel/finanzlage-der-gkv-und-zukunftsaussichten-fuer-den-heilmittelbereich" target="_blank" rel=" noopener">Finanzlage der GKV und Zukunftsaussichten für den Heilmittelbereich</a></span><div class="rss_content" style=""><small>am 5. März 2026 um 00:00 </small><p>Pressemitteilung des IFK</p></div></li><li  style="padding: 15px 0 25px" class="rss_item"><div class="rss_image" style="height:150px;width:150px;"><a href="https://ifk.de/artikel/problemfall-physiotherapie-eu-ausbildungsrahmen-zeigt-erhebliche-defizite-deutscher" target="_blank" rel=" noopener" title="Problemfall Physiotherapie - EU-Ausbildungsrahmen zeigt erhebliche Defizite deutscher Gesundheitspolitik" style="height:150px;width:150px;"><img decoding="async" src="https://ifk.de/sites/default/files/styles/max_325x325/public/redaktion/bilder/artikel/2026/Bahnschienen_AdobeStock_30157277_web.jpg?itok=p3lYKTjU" title="Problemfall Physiotherapie - EU-Ausbildungsrahmen zeigt erhebliche Defizite deutscher Gesundheitspolitik" style="height:150px;width:150px;"></a></div><span class="title"><a href="https://ifk.de/artikel/problemfall-physiotherapie-eu-ausbildungsrahmen-zeigt-erhebliche-defizite-deutscher" target="_blank" rel=" noopener">Problemfall Physiotherapie &#8211; EU-Ausbildungsrahmen zeigt erhebliche Defizite deutscher Gesundheitspolitik</a></span><div class="rss_content" style=""><small>am 23. Februar 2026 um 00:00 </small><p>Die Europäische Kommission arbeitet derzeit an einem sogenannten Common Training Framework (CTF) zur Einführung eines europaweit einheitlichen Ausbildungsrahmens in der Physiotherapie. Im Zuge dieses Prozesses zeichnet sich ab: Die in Deutschland vorherrschende berufsfachschulische Ausbildung dürfte den künftig definierten europäischen Standards nicht entsprechen.</p></div></li><li  style="padding: 15px 0 25px" class="rss_item"><div class="rss_image" style="height:150px;width:150px;"><a href="https://ifk.de/artikel/entlastung-des-gesundheitssystems-auch-physiotherapeuten-koennen-einen-beitrag-leisten" target="_blank" rel=" noopener" title="Entlastung des Gesundheitssystems – auch Physiotherapeuten können einen Beitrag leisten" style="height:150px;width:150px;"><img decoding="async" src="https://ifk.de/sites/default/files/styles/max_325x325/public/redaktion/bilder/artikel/2025/Mikrofon_shutterstock_2438279025_IM.jpg?itok=pXKM3ld3" title="Entlastung des Gesundheitssystems – auch Physiotherapeuten können einen Beitrag leisten" style="height:150px;width:150px;"></a></div><span class="title"><a href="https://ifk.de/artikel/entlastung-des-gesundheitssystems-auch-physiotherapeuten-koennen-einen-beitrag-leisten" target="_blank" rel=" noopener">Entlastung des Gesundheitssystems – auch Physiotherapeuten können einen Beitrag leisten</a></span><div class="rss_content" style=""><small>am 7. November 2025 um 00:00 </small><p>Das deutsche Gesundheitssystem steht durch stetig steigende Ausgaben vor großen Herausforderungen. Die Bundesregierung hat daher in ihrem Koalitionsvertrag einige Vorhaben formuliert, die das System entlasten sollen – beispielsweise zur Steuerung von Patienten. Der Bundesverband selbstständiger Physiotherapeuten – IFK e. V. – zeigt auf, welche entscheidende Rolle Physiotherapeuten spielen könnten, um das Gesundheitswesen zu stützen.</p></div></li><li  style="padding: 15px 0 25px" class="rss_item"><div class="rss_image" style="height:150px;width:150px;"><a href="https://ifk.de/artikel/innovationsfondsprojekt-move-it-ifk-rekrutiert-teilnehmende-physiotherapiepraxen" target="_blank" rel=" noopener" title="Innovationsfondsprojekt moVe-it: IFK rekrutiert teilnehmende Physiotherapiepraxen" style="height:150px;width:150px;"><img decoding="async" src="https://ifk.de/sites/default/files/styles/max_325x325/public/redaktion/bilder/artikel/2025/Info_shutterstock_2214886563_web.jpg?itok=a7pxPua0" title="Innovationsfondsprojekt moVe-it: IFK rekrutiert teilnehmende Physiotherapiepraxen" style="height:150px;width:150px;"></a></div><span class="title"><a href="https://ifk.de/artikel/innovationsfondsprojekt-move-it-ifk-rekrutiert-teilnehmende-physiotherapiepraxen" target="_blank" rel=" noopener">Innovationsfondsprojekt moVe-it: IFK rekrutiert teilnehmende Physiotherapiepraxen</a></span><div class="rss_content" style=""><small>am 9. Oktober 2025 um 00:00 </small><p>Der Innovationsausschuss des Gemeinsamen Bundesausschusses (G-BA) hat jüngst das von der Mobil Krankenkasse federführend konzipierte Projekt moVe-it zur Förderung ausgewählt. Unterstützt wird das Projekt unter anderem vom Bundesverband selbstständiger Physiotherapeuten – IFK e. V., der insbesondere für die Rekrutierung teilnehmender Physiotherapiepraxen verantwortlich ist.</p></div></li></ul> </div><style type="text/css" media="all">.feedzy-rss .rss_item .rss_image{float:left;position:relative;border:none;text-decoration:none;max-width:100%}.feedzy-rss .rss_item .rss_image span{display:inline-block;position:absolute;width:100%;height:100%;background-position:50%;background-size:cover}.feedzy-rss .rss_item .rss_image{margin:.3em 1em 0 0;content-visibility:auto}.feedzy-rss ul{list-style:none}.feedzy-rss ul li{display:inline-block}</style>

<p>Sie finden auf dieser Seite Informationen und Neuigkeiten rund um die Physiotherapie. Dieser Newsfeed wird vom Bundesverband selbstständiger Physiotherapeuten — IFK e. V. bereit gestellt. Beim Klick auf die einzelnen Artikel werden Sie auf die Webseiten des Verbandes weitergeleitet.</p>
